{"id":5595,"date":"2019-08-13T18:29:21","date_gmt":"2019-08-13T21:29:21","guid":{"rendered":"https:\/\/jmvstream.com\/?page_id=5595"},"modified":"2025-09-02T10:41:44","modified_gmt":"2025-09-02T13:41:44","slug":"case-de-sucesso","status":"publish","type":"page","link":"https:\/\/jmvstream.com\/pt-br\/case-de-sucesso\/","title":{"rendered":"Cases de sucesso"},"content":{"rendered":"<div class=\"wpb-content-wrapper\"><p>[vc_row full_width=&#8221;stretch_row&#8221;][vc_column][inova_section_title title_style_one=&#8221;&#8221; title_text=&#8221;Case de sucesso Band Campinas&#8221; subtitle_text=&#8221;&#8221;][\/vc_column][\/vc_row][vc_row][vc_column width=&#8221;2\/4&#8243; css=&#8221;.vc_custom_1572467424167{padding-right: 30px !important;}&#8221;][vc_column_text css=&#8221;.vc_custom_1607533005121{padding-top: 4% !important;padding-bottom: 2% !important;}&#8221;]<\/p>\n<p style=\"font-size: 18px;\"><span style=\"font-weight: 400;\">S\u00e3o mais de 40 anos de hist\u00f3ria e uma audi\u00eancia incompar\u00e1vel, com tr\u00eas emissoras de r\u00e1dios e uma emissora de TV, a Band Campinas alcan\u00e7a p\u00fablicos de todos os estilos. A rede \u00e9 refer\u00eancia em todo pa\u00eds, com lideran\u00e7a de audi\u00eancia em v\u00e1rios segmentos.<br \/>\n<\/span>[\/vc_column_text][vc_single_image image=&#8221;10099&#8243; img_size=&#8221;150&#215;121&#8243;][\/vc_column][vc_column width=&#8221;2\/4&#8243;][inova_raw_html]<\/p>\n<div style=\"display: flex; justify-content: center;\"><iframe loading=\"lazy\" style=\"max-width: 100%;\" src=\"https:\/\/player.jmvstream.com\/GABVbodAEtgzfslejLJCLmCTkVmc4I\/gu72m1e1i2f0cc\" width=\"600\" height=\"338\" frameborder=\"0\" allowfullscreen=\"allowfullscreen\"><\/iframe><\/div>\n<p>[\/inova_raw_html][\/vc_column][\/vc_row][vc_row full_width=&#8221;stretch_row&#8221;][vc_column width=&#8221;7\/12&#8243;][vc_single_image image=&#8221;10093&#8243; img_size=&#8221;large&#8221; alignment=&#8221;right&#8221;][\/vc_column][vc_column width=&#8221;5\/12&#8243; css=&#8221;.vc_custom_1572467603264{padding-left: 40px !important;}&#8221;][vc_empty_space height=&#8221;60px&#8221;][vc_column_text css=&#8221;.vc_custom_1607533376449{padding-top: 8% !important;padding-bottom: 2% !important;}&#8221;]<\/p>\n<p style=\"font-size: 18px;\"><span style=\"font-weight: 400;\">&#8220;O mercado da comunica\u00e7\u00e3o est\u00e1 em transforma\u00e7\u00e3o e as tecnologias digitais t\u00eam complementado cada vez mais a credibilidade, aquilo que o nosso neg\u00f3cio tem de mais importante na rela\u00e7\u00e3o com nosso ouvinte e telespectador. O nosso maior foco neste momento \u00e9 estar presente na vida dos nossos telespectadores, na vida dos nossos ouvintes em todas as plataformas.&#8221;<\/span><\/p>\n<p>Rodrigo Salomon &#8211; Diretor Executivo | <span style=\"letter-spacing: 0px;\">Band<\/span>[\/vc_column_text][\/vc_column][\/vc_row][vc_row full_width=&#8221;stretch_row&#8221;][vc_column][vc_empty_space height=&#8221;100px&#8221;][vc_separator][inova_section_title title_style_one=&#8221;&#8221; title_text=&#8221;Case de sucesso Elei\u00e7\u00f5es 2020&#8243; subtitle_text=&#8221;&#8221;][\/vc_column][\/vc_row][vc_row][vc_column width=&#8221;2\/4&#8243; css=&#8221;.vc_custom_1572467424167{padding-right: 30px !important;}&#8221;][vc_column_text css=&#8221;.vc_custom_1607529431297{padding-top: 4% !important;padding-bottom: 2% !important;}&#8221;]<\/p>\n<p style=\"font-size: 18px;\"><span style=\"font-weight: 400;\">Debate com candidatos \u00e0 prefeitura da cidade de Divin\u00f3polis em Minas Gerais, nas elei\u00e7\u00f5es municipais de 2020. O evento foi transmitido ao vivo para mais de 781 mil pessoas atrav\u00e9s das redes sociais de diversas empresas e pessoas p\u00fablicas da cidade. Ao todo foram 68 perfis entre Facebook, Instagram e Youtube, transmitindo ao mesmo tempo a partir de uma \u00fanica origem.<\/span><\/p>\n<p>[\/vc_column_text][vc_single_image image=&#8221;10102&#8243; img_size=&#8221;medium&#8221;][\/vc_column][vc_column width=&#8221;2\/4&#8243;][inova_raw_html]<\/p>\n<div style=\"display: flex; justify-content: center;\"><iframe loading=\"lazy\" style=\"max-width: 100%;\" src=\"https:\/\/player.jmvstream.com\/GABVbodAEtgzfslejLJCLmCTkVmc4I\/ad8gbk1eof8b1dg\" width=\"600\" height=\"338\" frameborder=\"0\" allowfullscreen=\"allowfullscreen\"><\/iframe><\/div>\n<p>[\/inova_raw_html][\/vc_column][\/vc_row][vc_row full_width=&#8221;stretch_row&#8221;][vc_column][vc_empty_space height=&#8221;100px&#8221;][vc_separator][inova_section_title title_style_one=&#8221;&#8221; title_text=&#8221;Case de sucesso Univale TV&#8221; subtitle_text=&#8221;&#8221;][\/vc_column][\/vc_row][vc_row][vc_column width=&#8221;2\/4&#8243; css=&#8221;.vc_custom_1572467424167{padding-right: 30px !important;}&#8221;][vc_column_text css=&#8221;.vc_custom_1756820341719{padding-top: 4% !important;padding-bottom: 2% !important;}&#8221;]A Univale TV \u00e9 o canal universit\u00e1rio da Universidade Vale do Rio Doce, com sede no Campus II da @univalegv.<\/p>\n<p>Com conte\u00fado de alta qualidade, a emissora leva ao p\u00fablico not\u00edcias, programas e produ\u00e7\u00f5es acad\u00eamicas com foco em ensino, pesquisa e extens\u00e3o.<\/p>\n<p>Com apoio de professores, cientistas e profissionais de refer\u00eancia, oferece informa\u00e7\u00e3o contextualizada e programa\u00e7\u00e3o que aproxima a comunidade do conhecimento produzido dentro da universidade.[\/vc_column_text][\/vc_column][vc_column width=&#8221;2\/4&#8243;][inova_raw_html]<\/p>\n<div style=\"display: flex; justify-content: center;\"><iframe loading=\"lazy\" style=\"max-width: 100%;\" src=\"https:\/\/player.jmvstream.com\/GABVbodAEtgzfslejLJCLmCTkVmc4I\/32l5pw3v2111202\" width=\"600\" height=\"338\" frameborder=\"0\" allowfullscreen=\"allowfullscreen\"><\/iframe><\/div>\n<p>[\/inova_raw_html][\/vc_column][\/vc_row][vc_row full_width=&#8221;stretch_row&#8221;][vc_column][vc_empty_space height=&#8221;100px&#8221;][vc_separator][inova_section_title title_style_one=&#8221;&#8221; title_text=&#8221;Case de sucesso Sistema MPA&#8221; subtitle_text=&#8221;&#8221;][\/vc_column][\/vc_row][vc_row][vc_column width=&#8221;5\/12&#8243; css=&#8221;.vc_custom_1597768215693{padding-left: 30px !important;}&#8221;][vc_column_text css=&#8221;.vc_custom_1566594186035{padding-top: 4% !important;padding-bottom: 2% !important;}&#8221;]<\/p>\n<p style=\"font-size: 18px;\">O Sistema MPA \u00e9 o maior grupo de comunica\u00e7\u00e3o da regi\u00e3o Centro-Oeste de Minas, com conte\u00fados jornal\u00edsticos, esportivos e de entretenimento com relev\u00e2ncia regional e nacional. S\u00e3o tr\u00eas emissoras de r\u00e1dio, um Outdoor e um Portal de Not\u00edcias, que est\u00e1 entre os tr\u00eas mais acessados de Minas Gerais.<\/p>\n<p>[\/vc_column_text][\/vc_column][vc_column width=&#8221;7\/12&#8243;][inova_raw_html]<\/p>\n<div style=\"display: flex; justify-content: center;\"><iframe loading=\"lazy\" style=\"max-width: 100%;\" src=\"https:\/\/player.jmvstream.com\/GABVbodAEtgzfslejLJCLmCTkVmc4I\/3f9ulj1dj014bde\" width=\"600\" height=\"338\" frameborder=\"0\" allowfullscreen=\"allowfullscreen\"><\/iframe><\/div>\n<p>[\/inova_raw_html][\/vc_column][\/vc_row][vc_row full_width=&#8221;stretch_row&#8221;][vc_column width=&#8221;1\/2&#8243;][vc_single_image image=&#8221;5619&#8243; img_size=&#8221;large&#8221; alignment=&#8221;center&#8221;][\/vc_column][vc_column width=&#8221;1\/2&#8243;][vc_column_text css=&#8221;.vc_custom_1607533436897{padding-top: 8% !important;padding-bottom: 2% !important;}&#8221;]<\/p>\n<p style=\"font-size: 18px;\">\u201cA JMV foi uma das primeiras a produzir um app para Android e iOS que mostrava o est\u00fadio da r\u00e1dio. Essa \u00e9 a ferramenta, ter uma empresa que consegue viabilizar economicamente uma disputa no mercado, em que voc\u00ea consegue dominar toda a estrutura\u201d<\/p>\n<p>Mayrink J\u00fanior &#8211; Diretor do Sistema MPA e Vice Presidente da Amirt[\/vc_column_text][\/vc_column][\/vc_row][vc_row][vc_column width=&#8221;1\/5&#8243;][vc_single_image image=&#8221;5607&#8243; img_size=&#8221;100&#215;70&#8243; alignment=&#8221;center&#8221;][\/vc_column][vc_column width=&#8221;1\/5&#8243;][vc_single_image image=&#8221;5604&#8243; img_size=&#8221;100&#215;100&#8243; alignment=&#8221;center&#8221;][\/vc_column][vc_column width=&#8221;1\/5&#8243;][vc_single_image image=&#8221;9612&#8243; img_size=&#8221;114&#215;107&#8243; alignment=&#8221;center&#8221;][\/vc_column][vc_column width=&#8221;1\/5&#8243;][vc_single_image image=&#8221;5610&#8243; img_size=&#8221;100&#215;100&#8243; alignment=&#8221;center&#8221;][\/vc_column][vc_column width=&#8221;1\/5&#8243;][vc_single_image image=&#8221;5613&#8243; img_size=&#8221;105&#215;100&#8243; alignment=&#8221;center&#8221;][\/vc_column][\/vc_row][vc_row full_width=&#8221;stretch_row&#8221;][vc_column][vc_empty_space height=&#8221;100px&#8221;][vc_separator][inova_section_title title_style_one=&#8221;&#8221; title_text=&#8221;Case de sucesso TV AD Bel\u00e9m&#8221; subtitle_text=&#8221;&#8221;][\/vc_column][\/vc_row][vc_row][vc_column width=&#8221;2\/4&#8243; css=&#8221;.vc_custom_1572467424167{padding-right: 30px !important;}&#8221;][vc_column_text css=&#8221;.vc_custom_1572466956739{padding-top: 4% !important;padding-bottom: 2% !important;}&#8221;]<\/p>\n<p style=\"font-size: 18px;\">A Igreja AD Bel\u00e9m, sede em S\u00e3o Paulo capital \u00e9 uma das maiores Igrejas evang\u00e9licas do estado. Com mais de 90 anos de funda\u00e7\u00e3o, possui cerca de 1 milh\u00e3o de fi\u00e9is, sua premissa \u00e9 ser um ex\u00e9rcito de adoradores, levando a palavra de Deus de todas as formas poss\u00edveis. Para isso, utilizam-se da tecnologia e dos meios de comunica\u00e7\u00e3o para propagar o evangelho.<\/p>\n<p>[\/vc_column_text][vc_single_image image=&#8221;6601&#8243; img_size=&#8221;medium&#8221;][\/vc_column][vc_column width=&#8221;2\/4&#8243;][inova_raw_html]<\/p>\n<div style=\"display: flex; justify-content: center;\"><iframe loading=\"lazy\" style=\"max-width: 100%;\" src=\"https:\/\/player.jmvstream.com\/GABVbodAEtgzfslejLJCLmCTkVmc4I\/hdu81l1dogsmdm8\" width=\"600\" height=\"338\" frameborder=\"0\" allowfullscreen=\"allowfullscreen\"><\/iframe><\/div>\n<p>[\/inova_raw_html][\/vc_column][\/vc_row][vc_row full_width=&#8221;stretch_row&#8221;][vc_column width=&#8221;7\/12&#8243;][vc_single_image image=&#8221;6482&#8243; img_size=&#8221;large&#8221; alignment=&#8221;right&#8221;][\/vc_column][vc_column width=&#8221;5\/12&#8243; css=&#8221;.vc_custom_1572467603264{padding-left: 40px !important;}&#8221;][vc_empty_space height=&#8221;60px&#8221;][vc_column_text css=&#8221;.vc_custom_1607533620461{padding-top: 8% !important;padding-bottom: 2% !important;}&#8221;]<\/p>\n<p style=\"font-size: 18px;\">&#8220;Atrav\u00e9s da plataforma e das estat\u00edsticas que vieram, a gente teve mais de 1 milh\u00e3o de acessos em apenas um m\u00eas. Para n\u00f3s isso foi um record, ficamos abismados, mostramos esse relat\u00f3rio para o pastor e ele ficou muito impactado e surpreso com a quantidade de pessoas que acompanhava o site e assista \u00e0s transmiss\u00f5es. Ter esse feedback real foi maravilhoso.&#8221;<\/p>\n<p>Vin\u00edcius Vilela &#8211; T\u00e9cnico Audiovisual | TV AD Bel\u00e9m[\/vc_column_text][\/vc_column][\/vc_row]<\/p>\n<\/div>","protected":false},"excerpt":{"rendered":"<p>[vc_row full_width=&#8221;stretch_row&#8221;][vc_column][inova_section_title title_style_one=&#8221;&#8221; title_text=&#8221;Case de sucesso Band Campinas&#8221; subtitle_text=&#8221;&#8221;][\/vc_column][\/vc_row][vc_row][vc_column width=&#8221;2\/4&#8243; css=&#8221;.vc_custom_1572467424167{padding-right: 30px !important;}&#8221;][vc_column_text css=&#8221;.vc_custom_1607533005121{padding-top: 4%<\/p>\n","protected":false},"author":45,"featured_media":0,"parent":0,"menu_order":0,"comment_status":"closed","ping_status":"closed","template":"","meta":{"footnotes":""},"class_list":["post-5595","page","type-page","status-publish","hentry"],"aioseo_notices":[],"_links":{"self":[{"href":"https:\/\/jmvstream.com\/pt-br\/wp-json\/wp\/v2\/pages\/5595","targetHints":{"allow":["GET"]}}],"collection":[{"href":"https:\/\/jmvstream.com\/pt-br\/wp-json\/wp\/v2\/pages"}],"about":[{"href":"https:\/\/jmvstream.com\/pt-br\/wp-json\/wp\/v2\/types\/page"}],"author":[{"embeddable":true,"href":"https:\/\/jmvstream.com\/pt-br\/wp-json\/wp\/v2\/users\/45"}],"replies":[{"embeddable":true,"href":"https:\/\/jmvstream.com\/pt-br\/wp-json\/wp\/v2\/comments?post=5595"}],"version-history":[{"count":0,"href":"https:\/\/jmvstream.com\/pt-br\/wp-json\/wp\/v2\/pages\/5595\/revisions"}],"wp:attachment":[{"href":"https:\/\/jmvstream.com\/pt-br\/wp-json\/wp\/v2\/media?parent=5595"}],"curies":[{"name":"wp","href":"https:\/\/api.w.org\/{rel}","templated":true}]}}

<div class="wpb-content-wrapper"><p>[vc_row full_width=&#8221;stretch_row&#8221;][vc_column][inova_section_title title_style_one=&#8221;&#8221; title_text=&#8221;Case de sucesso Band Campinas&#8221; subtitle_text=&#8221;&#8221;][/vc_column][/vc_row][vc_row][vc_column width=&#8221;2/4&#8243; css=&#8221;.vc_custom_1572467424167{padding-right: 30px !important;}&#8221;][vc_column_text css=&#8221;.vc_custom_1607533005121{padding-top: 4% !important;padding-bottom: 2% !important;}&#8221;]</p>
<p style="font-size: 18px;"><span style="font-weight: 400;">São mais de 40 anos de história e uma audiência incomparável, com três emissoras de rádios e uma emissora de TV, a Band Campinas alcança públicos de todos os estilos. A rede é referência em todo país, com liderança de audiência em vários segmentos.<br />
</span>[/vc_column_text][vc_single_image image=&#8221;10099&#8243; img_size=&#8221;150&#215;121&#8243;][/vc_column][vc_column width=&#8221;2/4&#8243;][inova_raw_html]</p>
<div style="display: flex; justify-content: center;"><iframe loading="lazy" style="max-width: 100%;" src="https://player.jmvstream.com/GABVbodAEtgzfslejLJCLmCTkVmc4I/gu72m1e1i2f0cc" width="600" height="338" frameborder="0" allowfullscreen="allowfullscreen"></iframe></div>
<p>[/inova_raw_html][/vc_column][/vc_row][vc_row full_width=&#8221;stretch_row&#8221;][vc_column width=&#8221;7/12&#8243;][vc_single_image image=&#8221;10093&#8243; img_size=&#8221;large&#8221; alignment=&#8221;right&#8221;][/vc_column][vc_column width=&#8221;5/12&#8243; css=&#8221;.vc_custom_1572467603264{padding-left: 40px !important;}&#8221;][vc_empty_space height=&#8221;60px&#8221;][vc_column_text css=&#8221;.vc_custom_1607533376449{padding-top: 8% !important;padding-bottom: 2% !important;}&#8221;]</p>
<p style="font-size: 18px;"><span style="font-weight: 400;">&#8220;O mercado da comunicação está em transformação e as tecnologias digitais têm complementado cada vez mais a credibilidade, aquilo que o nosso negócio tem de mais importante na relação com nosso ouvinte e telespectador. O nosso maior foco neste momento é estar presente na vida dos nossos telespectadores, na vida dos nossos ouvintes em todas as plataformas.&#8221;</span></p>
<p>Rodrigo Salomon &#8211; Diretor Executivo | <span style="letter-spacing: 0px;">Band</span>[/vc_column_text][/vc_column][/vc_row][vc_row full_width=&#8221;stretch_row&#8221;][vc_column][vc_empty_space height=&#8221;100px&#8221;][vc_separator][inova_section_title title_style_one=&#8221;&#8221; title_text=&#8221;Case de sucesso Eleições 2020&#8243; subtitle_text=&#8221;&#8221;][/vc_column][/vc_row][vc_row][vc_column width=&#8221;2/4&#8243; css=&#8221;.vc_custom_1572467424167{padding-right: 30px !important;}&#8221;][vc_column_text css=&#8221;.vc_custom_1607529431297{padding-top: 4% !important;padding-bottom: 2% !important;}&#8221;]</p>
<p style="font-size: 18px;"><span style="font-weight: 400;">Debate com candidatos à prefeitura da cidade de Divinópolis em Minas Gerais, nas eleições municipais de 2020. O evento foi transmitido ao vivo para mais de 781 mil pessoas através das redes sociais de diversas empresas e pessoas públicas da cidade. Ao todo foram 68 perfis entre Facebook, Instagram e Youtube, transmitindo ao mesmo tempo a partir de uma única origem.</span></p>
<p>[/vc_column_text][vc_single_image image=&#8221;10102&#8243; img_size=&#8221;medium&#8221;][/vc_column][vc_column width=&#8221;2/4&#8243;][inova_raw_html]</p>
<div style="display: flex; justify-content: center;"><iframe loading="lazy" style="max-width: 100%;" src="https://player.jmvstream.com/GABVbodAEtgzfslejLJCLmCTkVmc4I/ad8gbk1eof8b1dg" width="600" height="338" frameborder="0" allowfullscreen="allowfullscreen"></iframe></div>
<p>[/inova_raw_html][/vc_column][/vc_row][vc_row full_width=&#8221;stretch_row&#8221;][vc_column][vc_empty_space height=&#8221;100px&#8221;][vc_separator][inova_section_title title_style_one=&#8221;&#8221; title_text=&#8221;Case de sucesso Univale TV&#8221; subtitle_text=&#8221;&#8221;][/vc_column][/vc_row][vc_row][vc_column width=&#8221;2/4&#8243; css=&#8221;.vc_custom_1572467424167{padding-right: 30px !important;}&#8221;][vc_column_text css=&#8221;.vc_custom_1756820341719{padding-top: 4% !important;padding-bottom: 2% !important;}&#8221;]A Univale TV é o canal universitário da Universidade Vale do Rio Doce, com sede no Campus II da @univalegv.</p>
<p>Com conteúdo de alta qualidade, a emissora leva ao público notícias, programas e produções acadêmicas com foco em ensino, pesquisa e extensão.</p>
<p>Com apoio de professores, cientistas e profissionais de referência, oferece informação contextualizada e programação que aproxima a comunidade do conhecimento produzido dentro da universidade.[/vc_column_text][/vc_column][vc_column width=&#8221;2/4&#8243;][inova_raw_html]</p>
<div style="display: flex; justify-content: center;"><iframe loading="lazy" style="max-width: 100%;" src="https://player.jmvstream.com/GABVbodAEtgzfslejLJCLmCTkVmc4I/32l5pw3v2111202" width="600" height="338" frameborder="0" allowfullscreen="allowfullscreen"></iframe></div>
<p>[/inova_raw_html][/vc_column][/vc_row][vc_row full_width=&#8221;stretch_row&#8221;][vc_column][vc_empty_space height=&#8221;100px&#8221;][vc_separator][inova_section_title title_style_one=&#8221;&#8221; title_text=&#8221;Case de sucesso Sistema MPA&#8221; subtitle_text=&#8221;&#8221;][/vc_column][/vc_row][vc_row][vc_column width=&#8221;5/12&#8243; css=&#8221;.vc_custom_1597768215693{padding-left: 30px !important;}&#8221;][vc_column_text css=&#8221;.vc_custom_1566594186035{padding-top: 4% !important;padding-bottom: 2% !important;}&#8221;]</p>
<p style="font-size: 18px;">O Sistema MPA é o maior grupo de comunicação da região Centro-Oeste de Minas, com conteúdos jornalísticos, esportivos e de entretenimento com relevância regional e nacional. São três emissoras de rádio, um Outdoor e um Portal de Notícias, que está entre os três mais acessados de Minas Gerais.</p>
<p>[/vc_column_text][/vc_column][vc_column width=&#8221;7/12&#8243;][inova_raw_html]</p>
<div style="display: flex; justify-content: center;"><iframe loading="lazy" style="max-width: 100%;" src="https://player.jmvstream.com/GABVbodAEtgzfslejLJCLmCTkVmc4I/3f9ulj1dj014bde" width="600" height="338" frameborder="0" allowfullscreen="allowfullscreen"></iframe></div>
<p>[/inova_raw_html][/vc_column][/vc_row][vc_row full_width=&#8221;stretch_row&#8221;][vc_column width=&#8221;1/2&#8243;][vc_single_image image=&#8221;5619&#8243; img_size=&#8221;large&#8221; alignment=&#8221;center&#8221;][/vc_column][vc_column width=&#8221;1/2&#8243;][vc_column_text css=&#8221;.vc_custom_1607533436897{padding-top: 8% !important;padding-bottom: 2% !important;}&#8221;]</p>
<p style="font-size: 18px;">“A JMV foi uma das primeiras a produzir um app para Android e iOS que mostrava o estúdio da rádio. Essa é a ferramenta, ter uma empresa que consegue viabilizar economicamente uma disputa no mercado, em que você consegue dominar toda a estrutura”</p>
<p>Mayrink Júnior &#8211; Diretor do Sistema MPA e Vice Presidente da Amirt[/vc_column_text][/vc_column][/vc_row][vc_row][vc_column width=&#8221;1/5&#8243;][vc_single_image image=&#8221;5607&#8243; img_size=&#8221;100&#215;70&#8243; alignment=&#8221;center&#8221;][/vc_column][vc_column width=&#8221;1/5&#8243;][vc_single_image image=&#8221;5604&#8243; img_size=&#8221;100&#215;100&#8243; alignment=&#8221;center&#8221;][/vc_column][vc_column width=&#8221;1/5&#8243;][vc_single_image image=&#8221;9612&#8243; img_size=&#8221;114&#215;107&#8243; alignment=&#8221;center&#8221;][/vc_column][vc_column width=&#8221;1/5&#8243;][vc_single_image image=&#8221;5610&#8243; img_size=&#8221;100&#215;100&#8243; alignment=&#8221;center&#8221;][/vc_column][vc_column width=&#8221;1/5&#8243;][vc_single_image image=&#8221;5613&#8243; img_size=&#8221;105&#215;100&#8243; alignment=&#8221;center&#8221;][/vc_column][/vc_row][vc_row full_width=&#8221;stretch_row&#8221;][vc_column][vc_empty_space height=&#8221;100px&#8221;][vc_separator][inova_section_title title_style_one=&#8221;&#8221; title_text=&#8221;Case de sucesso TV AD Belém&#8221; subtitle_text=&#8221;&#8221;][/vc_column][/vc_row][vc_row][vc_column width=&#8221;2/4&#8243; css=&#8221;.vc_custom_1572467424167{padding-right: 30px !important;}&#8221;][vc_column_text css=&#8221;.vc_custom_1572466956739{padding-top: 4% !important;padding-bottom: 2% !important;}&#8221;]</p>
<p style="font-size: 18px;">A Igreja AD Belém, sede em São Paulo capital é uma das maiores Igrejas evangélicas do estado. Com mais de 90 anos de fundação, possui cerca de 1 milhão de fiéis, sua premissa é ser um exército de adoradores, levando a palavra de Deus de todas as formas possíveis. Para isso, utilizam-se da tecnologia e dos meios de comunicação para propagar o evangelho.</p>
<p>[/vc_column_text][vc_single_image image=&#8221;6601&#8243; img_size=&#8221;medium&#8221;][/vc_column][vc_column width=&#8221;2/4&#8243;][inova_raw_html]</p>
<div style="display: flex; justify-content: center;"><iframe loading="lazy" style="max-width: 100%;" src="https://player.jmvstream.com/GABVbodAEtgzfslejLJCLmCTkVmc4I/hdu81l1dogsmdm8" width="600" height="338" frameborder="0" allowfullscreen="allowfullscreen"></iframe></div>
<p>[/inova_raw_html][/vc_column][/vc_row][vc_row full_width=&#8221;stretch_row&#8221;][vc_column width=&#8221;7/12&#8243;][vc_single_image image=&#8221;6482&#8243; img_size=&#8221;large&#8221; alignment=&#8221;right&#8221;][/vc_column][vc_column width=&#8221;5/12&#8243; css=&#8221;.vc_custom_1572467603264{padding-left: 40px !important;}&#8221;][vc_empty_space height=&#8221;60px&#8221;][vc_column_text css=&#8221;.vc_custom_1607533620461{padding-top: 8% !important;padding-bottom: 2% !important;}&#8221;]</p>
<p style="font-size: 18px;">&#8220;Através da plataforma e das estatísticas que vieram, a gente teve mais de 1 milhão de acessos em apenas um mês. Para nós isso foi um record, ficamos abismados, mostramos esse relatório para o pastor e ele ficou muito impactado e surpreso com a quantidade de pessoas que acompanhava o site e assista às transmissões. Ter esse feedback real foi maravilhoso.&#8221;</p>
<p>Vinícius Vilela &#8211; Técnico Audiovisual | TV AD Belém[/vc_column_text][/vc_column][/vc_row]</p>
</div>
